{"id":588,"date":"2019-07-23T11:16:41","date_gmt":"2019-07-23T14:16:41","guid":{"rendered":"http:\/\/www.nativacomunicacao.com.br\/especiais\/paubrasilmotosV2\/?page_id=588"},"modified":"2019-07-23T11:43:51","modified_gmt":"2019-07-23T14:43:51","slug":"duvidas-frequentes","status":"publish","type":"page","link":"https:\/\/www.paubrasilmotos.com.br\/valedosaofrancisco\/duvidas-frequentes\/","title":{"rendered":"D\u00favidas Frequentes"},"content":{"rendered":"<div class=\"wpb-content-wrapper\"><p>[vc_row css_animation=&#8221;&#8221; row_type=&#8221;row&#8221; use_row_as_full_screen_section=&#8221;no&#8221; type=&#8221;grid&#8221; angled_section=&#8221;no&#8221; text_align=&#8221;left&#8221; background_image_as_pattern=&#8221;without_pattern&#8221; z_index=&#8221;&#8221; css=&#8221;.vc_custom_1563893029470{margin-top: 80px !important;margin-bottom: 80px !important;}&#8221;][vc_column]<div class=\"qode-advanced-tabs qode-advanced-tabs qode-advanced-horizontal-tab clearfix qode-advanced-tab-without-icon qode-advanced-tabs-column-3 clearfix\">\n\t<ul class=\"qode-advanced-tabs-nav\">\n\t\t\t\t\t<li>\n\t\t\t\t<h4>\n\t\t\t\t\t<a href=\"#tab-duvidas-tecnicas\">\n\t\t\t\t\t\t\n\t\t\t\t\t\t\t\t\t\t\t\t\t<span class=\"qode-advanced-tab-text-after-icon\">\n\t\t\t\t\t\t\t\tD\u00favidas T\u00e9cnicas\t\t\t\t\t\t\t<\/span>\n\t\t\t\t\t\t\t\t\t\t\t<\/a>\n\t\t\t\t<\/h4>\n\t\t\t<\/li>\n\t\t\t\t\t<li>\n\t\t\t\t<h4>\n\t\t\t\t\t<a href=\"#tab-documentacao\">\n\t\t\t\t\t\t\n\t\t\t\t\t\t\t\t\t\t\t\t\t<span class=\"qode-advanced-tab-text-after-icon\">\n\t\t\t\t\t\t\t\tDocumenta\u00e7\u00e3o\t\t\t\t\t\t\t<\/span>\n\t\t\t\t\t\t\t\t\t\t\t<\/a>\n\t\t\t\t<\/h4>\n\t\t\t<\/li>\n\t\t\t\t\t<li>\n\t\t\t\t<h4>\n\t\t\t\t\t<a href=\"#tab-servicos-financeiros\">\n\t\t\t\t\t\t\n\t\t\t\t\t\t\t\t\t\t\t\t\t<span class=\"qode-advanced-tab-text-after-icon\">\n\t\t\t\t\t\t\t\tServi\u00e7os Financeiros\t\t\t\t\t\t\t<\/span>\n\t\t\t\t\t\t\t\t\t\t\t<\/a>\n\t\t\t\t<\/h4>\n\t\t\t<\/li>\n\t\t\t<\/ul>\n\t<div class=\"qode-advanced-tab-container\" id=\"tab-duvidas-tecnicas-831\" data-icon-pack=\"\" data-icon-html=\"\"><div class=\"qode-accordion-holder clearfix qode-accordion qode-initial \">\n\t<h5 class=\"clearfix qode-title-holder\">\n<span class=\"qode-tab-title\">\n\t    <span class=\"qode-tab-title-inner\">\n        POR QUE N\u00c3O EXISTE AFOGADOR NAS MOTOCICLETAS EQUIPADAS COM INJE\u00c7\u00c3O ELETR\u00d4NICA DE COMBUST\u00cdVEL?    <\/span>\n<\/span>\n<span class=\"qode-accordion-mark\">\n    <span class=\"qode-accordion-mark-icon\">\n        <span class=\"icon_plus\"><\/span>\n        <span class=\"icon_minus-06\"><\/span>\n    <\/span>\n<\/span>\n<\/h5>\n<div  class=\"qode-accordion-content \" >\n    <div class=\"qode-accordion-content-inner\">\n        [vc_column_text]N\u00e3o existe afogador nas motocicletas com sistema PGM-FI de inje\u00e7\u00e3o eletr\u00f4nica de combust\u00edvel, pois esse sistema identifica e se ajusta automaticamente \u00e0 melhor condi\u00e7\u00e3o de partida, seja com o motor frio ou aquecido.[\/vc_column_text]    <\/div>\n<\/div><h5 class=\"clearfix qode-title-holder\">\n<span class=\"qode-tab-title\">\n\t    <span class=\"qode-tab-title-inner\">\n        QUANDO DEVO FAZER A MANUTEN\u00c7\u00c3O NO FILTRO DE AR?    <\/span>\n<\/span>\n<span class=\"qode-accordion-mark\">\n    <span class=\"qode-accordion-mark-icon\">\n        <span class=\"icon_plus\"><\/span>\n        <span class=\"icon_minus-06\"><\/span>\n    <\/span>\n<\/span>\n<\/h5>\n<div  class=\"qode-accordion-content \" >\n    <div class=\"qode-accordion-content-inner\">\n        [vc_column_text]O filtro de ar deve ser substitu\u00eddo em uma concession\u00e1ria Honda nos intervalos especificados na Tabela de Manuten\u00e7\u00e3o. Como ele ret\u00e9m part\u00edculas e impurezas do ar que \u00e9 aspirado pelo motor, \u00e9 muito importante fazer a limpeza ou a substitui\u00e7\u00e3o peri\u00f3dica. Al\u00e9m disso, se voc\u00ea usa a sua a moto em \u00e1reas com muita poeira, os servi\u00e7os de manuten\u00e7\u00e3o precisam ser realizados com maior frequ\u00eancia.[\/vc_column_text]    <\/div>\n<\/div><h5 class=\"clearfix qode-title-holder\">\n<span class=\"qode-tab-title\">\n\t    <span class=\"qode-tab-title-inner\">\n        QUANDO DEVO REALIZAR AS REVIS\u00d5ES PERI\u00d3DICAS?    <\/span>\n<\/span>\n<span class=\"qode-accordion-mark\">\n    <span class=\"qode-accordion-mark-icon\">\n        <span class=\"icon_plus\"><\/span>\n        <span class=\"icon_minus-06\"><\/span>\n    <\/span>\n<\/span>\n<\/h5>\n<div  class=\"qode-accordion-content \" >\n    <div class=\"qode-accordion-content-inner\">\n        [vc_column_text]As revis\u00f5es peri\u00f3dicas s\u00e3o um direito seu e devem ser realizadas conforme as condi\u00e7\u00f5es descritas no Manual do Propriet\u00e1rio. E mais: quando voc\u00ea compra uma motocicleta Honda, a m\u00e3o de obra das duas primeiras revis\u00f5es \u00e9 gratuita.\u00a0Por isso, programe-se e n\u00e3o deixe de faz\u00ea-las. Essas revis\u00f5es s\u00e3o fundamentais para manter a sua motocicleta nas condi\u00e7\u00f5es ideais de uso.[\/vc_column_text]    <\/div>\n<\/div><h5 class=\"clearfix qode-title-holder\">\n<span class=\"qode-tab-title\">\n\t    <span class=\"qode-tab-title-inner\">\n        POR QUE E QUANDO DEVO LUBRIFICAR A CORRENTE DE TRANSMISS\u00c3O?    <\/span>\n<\/span>\n<span class=\"qode-accordion-mark\">\n    <span class=\"qode-accordion-mark-icon\">\n        <span class=\"icon_plus\"><\/span>\n        <span class=\"icon_minus-06\"><\/span>\n    <\/span>\n<\/span>\n<\/h5>\n<div  class=\"qode-accordion-content \" >\n    <div class=\"qode-accordion-content-inner\">\n        [vc_column_text]Para evitar desgastes prematuros do kit de transmiss\u00e3o, procure mant\u00ea-lo sempre lubrificado.<br \/>\n<strong>Dica:<\/strong>\u00a0Ap\u00f3s utilizar a motocicleta em condi\u00e7\u00f5es de chuva ou lav\u00e1-la, aplique uma pequena quantidade de \u00f3leo SAE 90 na corrente de transmiss\u00e3o e utilize um pincel para espalhar o produto.<br \/>\n<strong>Importante:<\/strong>\u00a0Verifique no Manual do Propriet\u00e1rio mais informa\u00e7\u00f5es sobre a corrente de transmiss\u00e3o na se\u00e7\u00e3o \u201cManuten\u00e7\u00e3o\u201d.[\/vc_column_text]    <\/div>\n<\/div><h5 class=\"clearfix qode-title-holder\">\n<span class=\"qode-tab-title\">\n\t    <span class=\"qode-tab-title-inner\">\n        POR QUE DEVO USAR O \u00d3LEO LUBRIFICANTE RECOMENDADO?    <\/span>\n<\/span>\n<span class=\"qode-accordion-mark\">\n    <span class=\"qode-accordion-mark-icon\">\n        <span class=\"icon_plus\"><\/span>\n        <span class=\"icon_minus-06\"><\/span>\n    <\/span>\n<\/span>\n<\/h5>\n<div  class=\"qode-accordion-content \" >\n    <div class=\"qode-accordion-content-inner\">\n        [vc_column_text]O \u00f3leo indicado pela Honda foi especialmente desenvolvido para a sua linha de motores. Al\u00e9m de lubrificar as pe\u00e7as do motor e prevenir o seu desgaste, o uso do \u00f3leo recomendado melhora a partida e contribui para a economia de combust\u00edvel, entre outros benef\u00edcios.<br \/>\nComo o \u00f3leo \u00e9 o elemento que mais afeta a vida \u00fatil do motor, fique atento para fazer a sua troca nos intervalos indicados. A primeira deve ser realizada aos 1.000 km, e isso vale para todas as motos. J\u00e1 as demais trocas s\u00e3o feitas conforme indicado no Manual do Propriet\u00e1rio de cada modelo.[\/vc_column_text]    <\/div>\n<\/div><h5 class=\"clearfix qode-title-holder\">\n<span class=\"qode-tab-title\">\n\t    <span class=\"qode-tab-title-inner\">\n        EXISTE REGULAGEM DE MARCHA LENTA DAS MOTOCICLETAS EQUIPADAS COM INJE\u00c7\u00c3O ELETR\u00d4NICA DE COMBUST\u00cdVEL (PGM-FI)?    <\/span>\n<\/span>\n<span class=\"qode-accordion-mark\">\n    <span class=\"qode-accordion-mark-icon\">\n        <span class=\"icon_plus\"><\/span>\n        <span class=\"icon_minus-06\"><\/span>\n    <\/span>\n<\/span>\n<\/h5>\n<div  class=\"qode-accordion-content \" >\n    <div class=\"qode-accordion-content-inner\">\n        [vc_column_text]Nas motocicletas equipadas com o sistema PGM-FI de inje\u00e7\u00e3o eletr\u00f4nica de combust\u00edvel, a rota\u00e7\u00e3o do motor \u00e9 ajustada automaticamente por um m\u00f3dulo de controle, de forma que ocorra a melhor e mais econ\u00f4mica queima de combust\u00edvel.<br \/>\nPor isso, se a motocicleta possui essa tecnologia, n\u00e3o \u00e9 preciso se preocupar com esse tipo de ajuste, j\u00e1 que n\u00e3o existe registro (torneira) de combust\u00edvel.[\/vc_column_text]    <\/div>\n<\/div><h5 class=\"clearfix qode-title-holder\">\n<span class=\"qode-tab-title\">\n\t    <span class=\"qode-tab-title-inner\">\n        O QUE \u00c9 INJE\u00c7\u00c3O ELETR\u00d4NICA DE COMBUST\u00cdVEL (PGM-FI)?    <\/span>\n<\/span>\n<span class=\"qode-accordion-mark\">\n    <span class=\"qode-accordion-mark-icon\">\n        <span class=\"icon_plus\"><\/span>\n        <span class=\"icon_minus-06\"><\/span>\n    <\/span>\n<\/span>\n<\/h5>\n<div  class=\"qode-accordion-content \" >\n    <div class=\"qode-accordion-content-inner\">\n        [vc_column_text]No sistema PGM-FI de inje\u00e7\u00e3o eletr\u00f4nica de combust\u00edvel, a linha de combust\u00edvel trabalha \u201cpressurizada\u201d. Essa fun\u00e7\u00e3o \u00e9 realizada por uma bomba el\u00e9trica que s\u00f3 funciona enquanto a motocicleta estiver ligada, dispensando a necessidade do registro.<br \/>\n<strong>Dica:<\/strong>\u00a0Como n\u00e3o existe registro de combust\u00edvel nas motocicletas equipadas com inje\u00e7\u00e3o eletr\u00f4nica de combust\u00edvel (PGM-FI), fique atento quanto \u00e0 aproxima\u00e7\u00e3o do n\u00edvel reserva no marcador, localizado no painel de instrumento. Abaste\u00e7a sempre que se aproximar da reserva, a fim de evitar a falta de combust\u00edvel e garantir o perfeito funcionamento do sistema.[\/vc_column_text]    <\/div>\n<\/div><h5 class=\"clearfix qode-title-holder\">\n<span class=\"qode-tab-title\">\n\t    <span class=\"qode-tab-title-inner\">\n        A M\u00c3O DE OBRA DAS DUAS PRIMEIRAS REVIS\u00d5ES \u00c9 GRATUITA?    <\/span>\n<\/span>\n<span class=\"qode-accordion-mark\">\n    <span class=\"qode-accordion-mark-icon\">\n        <span class=\"icon_plus\"><\/span>\n        <span class=\"icon_minus-06\"><\/span>\n    <\/span>\n<\/span>\n<\/h5>\n<div  class=\"qode-accordion-content \" >\n    <div class=\"qode-accordion-content-inner\">\n        [vc_column_text]Sim, a m\u00e3o de obra das duas primeiras revis\u00f5es \u00e9 totalmente gratuita. Nessas revis\u00f5es, o propriet\u00e1rio deve arcar apenas com os itens substitu\u00eddos, como \u00f3leo do motor e filtro.<br \/>\nOs modelos das linhas CRF (exceto a CRF 1000L Africa Twin), assim como os quadriciclos (ATV), n\u00e3o disp\u00f5em de m\u00e3o de obra gratuita nas revis\u00f5es. Para mais informa\u00e7\u00f5es, consulte o Manual do Propriet\u00e1rio da sua Honda.[\/vc_column_text]    <\/div>\n<\/div><h5 class=\"clearfix qode-title-holder\">\n<span class=\"qode-tab-title\">\n\t    <span class=\"qode-tab-title-inner\">\n        QUANDO E POR QUE DEVO CALIBRAR OS PNEUS?    <\/span>\n<\/span>\n<span class=\"qode-accordion-mark\">\n    <span class=\"qode-accordion-mark-icon\">\n        <span class=\"icon_plus\"><\/span>\n        <span class=\"icon_minus-06\"><\/span>\n    <\/span>\n<\/span>\n<\/h5>\n<div  class=\"qode-accordion-content \" >\n    <div class=\"qode-accordion-content-inner\">\n        [vc_column_text]A press\u00e3o e as condi\u00e7\u00f5es dos pneus s\u00e3o fundamentais para proporcionar mais estabilidade, conforto, seguran\u00e7a e durabilidade desses itens. No Manual do Propriet\u00e1rio, voc\u00ea pode conferir qual a press\u00e3o correta dos pneus de sua motocicleta. Quanto \u00e0 frequ\u00eancia, \u00e9 indicado que eles sejam calibrados quinzenalmente ou a cada 1.000 km (o que ocorrer primeiro).[\/vc_column_text]    <\/div>\n<\/div><\/div><\/div><div class=\"qode-advanced-tab-container\" id=\"tab-documentacao-564\" data-icon-pack=\"\" data-icon-html=\"\"><div class=\"qode-accordion-holder clearfix qode-accordion qode-initial \">\n\t<h5 class=\"clearfix qode-title-holder\">\n<span class=\"qode-tab-title\">\n\t    <span class=\"qode-tab-title-inner\">\n        COMO FA\u00c7O O EMPLACAMENTO DA MINHA MOTO?    <\/span>\n<\/span>\n<span class=\"qode-accordion-mark\">\n    <span class=\"qode-accordion-mark-icon\">\n        <span class=\"icon_plus\"><\/span>\n        <span class=\"icon_minus-06\"><\/span>\n    <\/span>\n<\/span>\n<\/h5>\n<div  class=\"qode-accordion-content \" >\n    <div class=\"qode-accordion-content-inner\">\n        [vc_column_text]Somente poder\u00e1 transitar nas vias o ve\u00edculo que estiver registrado pelos \u00f3rg\u00e3os executivos de tr\u00e2nsito dos Estados e Distrito Federal. Uma vez registrado, o Certificado de Registro do Ve\u00edculo (CRV) ser\u00e1 expedido, o que permitir\u00e1 o seu emplacamento e a concess\u00e3o do Certificado de Registro e Licenciamento do Ve\u00edculo (CRLV), contendo o c\u00f3digo Renavam.[\/vc_column_text]    <\/div>\n<\/div><h5 class=\"clearfix qode-title-holder\">\n<span class=\"qode-tab-title\">\n\t    <span class=\"qode-tab-title-inner\">\n        O QUE \u00c9 O N\u00daMERO DE DI?    <\/span>\n<\/span>\n<span class=\"qode-accordion-mark\">\n    <span class=\"qode-accordion-mark-icon\">\n        <span class=\"icon_plus\"><\/span>\n        <span class=\"icon_minus-06\"><\/span>\n    <\/span>\n<\/span>\n<\/h5>\n<div  class=\"qode-accordion-content \" >\n    <div class=\"qode-accordion-content-inner\">\n        [vc_column_text]O n\u00famero de DI (Declara\u00e7\u00e3o de Importa\u00e7\u00e3o) \u00e9 um registro que confirma o pagamento de impostos e taxas para que determinado produto ingresse no Pa\u00eds. Todos os ve\u00edculos importados pela Honda possuem n\u00famero de DI, conforme a legisla\u00e7\u00e3o vigente. Uma forma de consult\u00e1-lo \u00e9 por meio do site da Receita Federal ou por empresas de despachante aduaneiro.[\/vc_column_text]    <\/div>\n<\/div><h5 class=\"clearfix qode-title-holder\">\n<span class=\"qode-tab-title\">\n\t    <span class=\"qode-tab-title-inner\">\n        O QUE \u00c9 CARTA-LAUDO E COMO OBTENHO UMA?    <\/span>\n<\/span>\n<span class=\"qode-accordion-mark\">\n    <span class=\"qode-accordion-mark-icon\">\n        <span class=\"icon_plus\"><\/span>\n        <span class=\"icon_minus-06\"><\/span>\n    <\/span>\n<\/span>\n<\/h5>\n<div  class=\"qode-accordion-content \" >\n    <div class=\"qode-accordion-content-inner\">\n        [vc_column_text]A carta-laudo, tamb\u00e9m conhecida como ficha de montagem, \u00e9 um documento emitido pela montadora para informar a numera\u00e7\u00e3o dos principais componentes mec\u00e2nicos agregados ao ve\u00edculo. No caso das motocicletas, trata-se da numera\u00e7\u00e3o do chassi e do motor.<br \/>\nApenas um \u00f3rg\u00e3o do Sistema Nacional de Tr\u00e2nsito ou da Delegacia de Pol\u00edcia pode solicitar, por meio de um of\u00edcio, a emiss\u00e3o de uma carta-laudo.<br \/>\nA principal finalidade \u00e9 verificar e confrontar a numera\u00e7\u00e3o dos agregados constantes no documento com a do ve\u00edculo automotor.[\/vc_column_text]    <\/div>\n<\/div><\/div><\/div><div class=\"qode-advanced-tab-container\" id=\"tab-servicos-financeiros-841\" data-icon-pack=\"\" data-icon-html=\"\"><div class=\"qode-accordion-holder clearfix qode-accordion qode-initial \">\n\t<h5 class=\"clearfix qode-title-holder\">\n<span class=\"qode-tab-title\">\n\t    <span class=\"qode-tab-title-inner\">\n        O QUE \u00c9 O SEGURO HONDA?    <\/span>\n<\/span>\n<span class=\"qode-accordion-mark\">\n    <span class=\"qode-accordion-mark-icon\">\n        <span class=\"icon_plus\"><\/span>\n        <span class=\"icon_minus-06\"><\/span>\n    <\/span>\n<\/span>\n<\/h5>\n<div  class=\"qode-accordion-content \" >\n    <div class=\"qode-accordion-content-inner\">\n        [vc_column_text]Com o Seguro Honda, voc\u00ea mant\u00e9m a sua moto protegida e ainda tem acesso a muitos servi\u00e7os pensados especialmente para facilitar o seu dia a dia e deix\u00e1-lo sempre tranquilo. Para mais informa\u00e7\u00f5es, <a href=\"http:\/\/www.nativacomunicacao.com.br\/especiais\/paubrasilmotosV2\/formularioMyHonda\/?IdEstado=1&amp;IdTipoVenda=5\" target=\"_blank\" rel=\"noopener noreferrer\">clique aqui<\/a>.[\/vc_column_text]    <\/div>\n<\/div><h5 class=\"clearfix qode-title-holder\">\n<span class=\"qode-tab-title\">\n\t    <span class=\"qode-tab-title-inner\">\n        COMO POSSO OBTER INFORMA\u00c7\u00d5ES SOBRE O CONS\u00d3RCIO NACIONAL HONDA?    <\/span>\n<\/span>\n<span class=\"qode-accordion-mark\">\n    <span class=\"qode-accordion-mark-icon\">\n        <span class=\"icon_plus\"><\/span>\n        <span class=\"icon_minus-06\"><\/span>\n    <\/span>\n<\/span>\n<\/h5>\n<div  class=\"qode-accordion-content \" >\n    <div class=\"qode-accordion-content-inner\">\n        [vc_column_text]Todas as informa\u00e7\u00f5es sobre o Cons\u00f3rcio Nacional Honda podem ser encontradas no site\u00a0<a href=\"http:\/\/www.consorcionacionalhonda.com.br\/\">www.consorcionacionalhonda.com.br<\/a>. E voc\u00ea tamb\u00e9m tem a op\u00e7\u00e3o de entrar em contato com a nossa, <a href=\"http:\/\/www.nativacomunicacao.com.br\/especiais\/paubrasilmotosV2\/formularioMyHonda\/?IdEstado=1&amp;IdTipoVenda=3\" target=\"_blank\" rel=\"noopener noreferrer\">clique aqui<\/a>[\/vc_column_text]    <\/div>\n<\/div><h5 class=\"clearfix qode-title-holder\">\n<span class=\"qode-tab-title\">\n\t    <span class=\"qode-tab-title-inner\">\n        O QUE \u00c9 O BANCO HONDA?    <\/span>\n<\/span>\n<span class=\"qode-accordion-mark\">\n    <span class=\"qode-accordion-mark-icon\">\n        <span class=\"icon_plus\"><\/span>\n        <span class=\"icon_minus-06\"><\/span>\n    <\/span>\n<\/span>\n<\/h5>\n<div  class=\"qode-accordion-content \" >\n    <div class=\"qode-accordion-content-inner\">\n        [vc_column_text]O Banco Honda \u00e9 a melhor op\u00e7\u00e3o de financiamento dos produtos Honda e oferece atendimento personalizado a pessoas f\u00edsicas e jur\u00eddicas. Para mais informa\u00e7\u00f5es, acesse o site\u00a0<a href=\"http:\/\/www.bancohonda.com.br\/\">www.bancohonda.com.br\u00a0<\/a>ou entre em contato com a nossa, <a href=\"http:\/\/www.nativacomunicacao.com.br\/especiais\/paubrasilmotosV2\/formularioMyHonda\/?IdEstado=1&amp;IdTipoVenda=1\" target=\"_blank\" rel=\"noopener noreferrer\">clique aqui<\/a>.[\/vc_column_text]    <\/div>\n<\/div><\/div><\/div><\/div>[\/vc_column][\/vc_row][vc_row css_animation=&#8221;&#8221; row_type=&#8221;row&#8221; use_row_as_full_screen_section=&#8221;no&#8221; type=&#8221;full_width&#8221; angled_section=&#8221;no&#8221; text_align=&#8221;left&#8221; background_image_as_pattern=&#8221;without_pattern&#8221;][vc_column][\/vc_column][\/vc_row]<\/p>\n<\/div>","protected":false},"excerpt":{"rendered":"<p>[vc_row css_animation=&#8221;&#8221; row_type=&#8221;row&#8221; use_row_as_full_screen_section=&#8221;no&#8221; type=&#8221;grid&#8221; angled_section=&#8221;no&#8221; text_align=&#8221;left&#8221; background_image_as_pattern=&#8221;without_pattern&#8221; z_index=&#8221;&#8221; css=&#8221;.vc_custom_1563893029470{margin-top: 80px !important;margin-bottom: 80px !important;}&#8221;][vc_column][\/vc_column][\/vc_row][vc_row css_animation=&#8221;&#8221; row_type=&#8221;row&#8221; use_row_as_full_screen_section=&#8221;no&#8221; type=&#8221;full_width&#8221; angled_section=&#8221;no&#8221; text_align=&#8221;left&#8221; background_image_as_pattern=&#8221;without_pattern&#8221;][vc_column][\/vc_column][\/vc_row]<\/p>\n","protected":false},"author":1,"featured_media":0,"parent":0,"menu_order":0,"comment_status":"closed","ping_status":"closed","template":"full_width.php","meta":{"footnotes":""},"class_list":["post-588","page","type-page","status-publish","hentry"],"jetpack_sharing_enabled":true,"_links":{"self":[{"href":"https:\/\/www.paubrasilmotos.com.br\/valedosaofrancisco\/wp-json\/wp\/v2\/pages\/588","targetHints":{"allow":["GET"]}}],"collection":[{"href":"https:\/\/www.paubrasilmotos.com.br\/valedosaofrancisco\/wp-json\/wp\/v2\/pages"}],"about":[{"href":"https:\/\/www.paubrasilmotos.com.br\/valedosaofrancisco\/wp-json\/wp\/v2\/types\/page"}],"author":[{"embeddable":true,"href":"https:\/\/www.paubrasilmotos.com.br\/valedosaofrancisco\/wp-json\/wp\/v2\/users\/1"}],"replies":[{"embeddable":true,"href":"https:\/\/www.paubrasilmotos.com.br\/valedosaofrancisco\/wp-json\/wp\/v2\/comments?post=588"}],"version-history":[{"count":0,"href":"https:\/\/www.paubrasilmotos.com.br\/valedosaofrancisco\/wp-json\/wp\/v2\/pages\/588\/revisions"}],"wp:attachment":[{"href":"https:\/\/www.paubrasilmotos.com.br\/valedosaofrancisco\/wp-json\/wp\/v2\/media?parent=588"}],"curies":[{"name":"wp","href":"https:\/\/api.w.org\/{rel}","templated":true}]}}