{"id":464,"date":"2019-07-17T15:22:08","date_gmt":"2019-07-17T18:22:08","guid":{"rendered":"http:\/\/www.nativacomunicacao.com.br\/especiais\/paubrasilmotosV2\/?page_id=464"},"modified":"2024-09-25T16:05:03","modified_gmt":"2024-09-25T19:05:03","slug":"financiamento","status":"publish","type":"page","link":"https:\/\/www.paubrasilmotos.com.br\/valedosaofrancisco\/financiamento\/","title":{"rendered":"Financiamento"},"content":{"rendered":"<div class=\"wpb-content-wrapper\"><p>[vc_row css_animation=&#8221;&#8221; row_type=&#8221;row&#8221; use_row_as_full_screen_section=&#8221;no&#8221; type=&#8221;grid&#8221; angled_section=&#8221;no&#8221; text_align=&#8221;center&#8221; background_image_as_pattern=&#8221;without_pattern&#8221; css=&#8221;.vc_custom_1478184314765{padding-top: 100px !important;padding-bottom: 34px !important;}&#8221;][vc_column offset=&#8221;vc_col-lg-6 vc_col-md-6&#8243;][vc_empty_space height=&#8221;5px&#8221;][vc_column_text]<\/p>\n<div id=\"container-informacoes-paginas\">\n<div id=\"container-fixo2\">\n<div id=\"caixa-texto\">\n<p style=\"text-align: justify;\">A Pau Brasil Motos tem sempre um plano especial para facilitar a realiza\u00e7\u00e3o do seu sonho de possuir uma Honda.<\/p>\n<p>&nbsp;<\/p>\n<p style=\"text-align: justify;\">Os financiamentos facilitados, sem burocracia, com taxas que cabem no seu bolso e prazos estendidos v\u00e3o permitir que voc\u00ea planeje bem a compra da sua moto dos sonhos.<\/p>\n<p>&nbsp;<\/p>\n<p style=\"text-align: justify;\">Nossos planos incluem compras \u00e0 vista com descontos espetaculares, parcelamentos no cart\u00e3o, sem juros, e financiamentos que lhe permitem adequar seu or\u00e7amento pessoal na hora de realizar o sonho de possuir uma moto de uma das marcas mais conceituada do mundo.<\/p>\n<p>&nbsp;<\/p>\n<p style=\"text-align: justify;\">Estamos esperando por voc\u00ea numa das nossas concession\u00e1rias.<\/p>\n<\/div>\n<\/div>\n<\/div>\n<p>[\/vc_column_text][vc_empty_space height=&#8221;60px&#8221;][\/vc_column][vc_column offset=&#8221;vc_col-lg-6 vc_col-md-6&#8243;]<div class=\"qode_video_box\">\n\t<a itemprop=\"image\" class=\"qode_video_image\" href=\"https:\/\/www.youtube.com\/watch?v=TIzdhAdM8Zs&#038;feature=youtu.be\" data-rel=\"prettyPhoto\">\n\t\t\t\t\t<img fetchpriority=\"high\" decoding=\"async\" width=\"562\" height=\"375\" src=\"https:\/\/www.paubrasilmotos.com.br\/valedosaofrancisco\/wp-content\/uploads\/2019\/05\/capaLoja-video.jpg\" class=\"attachment-full size-full\" alt=\"\" srcset=\"https:\/\/www.paubrasilmotos.com.br\/valedosaofrancisco\/wp-content\/uploads\/2019\/05\/capaLoja-video.jpg 562w, https:\/\/www.paubrasilmotos.com.br\/valedosaofrancisco\/wp-content\/uploads\/2019\/05\/capaLoja-video-300x200.jpg 300w\" sizes=\"(max-width: 562px) 100vw, 562px\" \/>\t\t\t<span class=\"qode_video_box_button_holder\">\n\t\t\t\t<span class=\"qode_video_box_button\">\n\t\t\t\t\t<span class=\"qode_video_box_button_arrow\">\n\t\t\t\t\t<\/span>\n\t\t\t\t<\/span>\n\t\t\t<\/span>\n\t\t\t<\/a>\n<\/div>[vc_empty_space][\/vc_column][\/vc_row][vc_row row_type=&#8221;parallax&#8221; parallax_content_width=&#8221;in_grid&#8221; text_align=&#8221;center&#8221; full_screen_section_height=&#8221;no&#8221; css=&#8221;.vc_custom_1563387980612{background-color: #ffffff !important;}&#8221;][vc_column css=&#8221;.vc_custom_1563387990579{padding-top: 90px !important;padding-bottom: 45px !important;background-color: #ffffff !important;}&#8221;][vc_single_image image=&#8221;465&#8243; img_size=&#8221;full&#8221; alignment=&#8221;center&#8221; qode_css_animation=&#8221;&#8221;][\/vc_column][\/vc_row][vc_row css_animation=&#8221;&#8221; row_type=&#8221;row&#8221; use_row_as_full_screen_section=&#8221;no&#8221; type=&#8221;grid&#8221; angled_section=&#8221;no&#8221; text_align=&#8221;center&#8221; background_image_as_pattern=&#8221;without_pattern&#8221; z_index=&#8221;&#8221;][vc_column css=&#8221;.vc_custom_1478185213207{padding-top: 90px !important;padding-bottom: 45px !important;}&#8221;][\/vc_column][\/vc_row]<\/p>\n<\/div>","protected":false},"excerpt":{"rendered":"<p>[vc_row css_animation=&#8221;&#8221; row_type=&#8221;row&#8221; use_row_as_full_screen_section=&#8221;no&#8221; type=&#8221;grid&#8221; angled_section=&#8221;no&#8221; text_align=&#8221;center&#8221; background_image_as_pattern=&#8221;without_pattern&#8221; css=&#8221;.vc_custom_1478184314765{padding-top: 100px !important;padding-bottom: 34px !important;}&#8221;][vc_column offset=&#8221;vc_col-lg-6 vc_col-md-6&#8243;][vc_empty_space height=&#8221;5px&#8221;][vc_column_text] A Pau Brasil Motos tem sempre um plano especial para facilitar a realiza\u00e7\u00e3o do seu sonho de possuir uma Honda. &nbsp; Os financiamentos facilitados, sem burocracia, com taxas que&#8230;<\/p>\n","protected":false},"author":1,"featured_media":0,"parent":0,"menu_order":0,"comment_status":"closed","ping_status":"closed","template":"","meta":{"footnotes":""},"class_list":["post-464","page","type-page","status-publish","hentry"],"jetpack_sharing_enabled":true,"_links":{"self":[{"href":"https:\/\/www.paubrasilmotos.com.br\/valedosaofrancisco\/wp-json\/wp\/v2\/pages\/464","targetHints":{"allow":["GET"]}}],"collection":[{"href":"https:\/\/www.paubrasilmotos.com.br\/valedosaofrancisco\/wp-json\/wp\/v2\/pages"}],"about":[{"href":"https:\/\/www.paubrasilmotos.com.br\/valedosaofrancisco\/wp-json\/wp\/v2\/types\/page"}],"author":[{"embeddable":true,"href":"https:\/\/www.paubrasilmotos.com.br\/valedosaofrancisco\/wp-json\/wp\/v2\/users\/1"}],"replies":[{"embeddable":true,"href":"https:\/\/www.paubrasilmotos.com.br\/valedosaofrancisco\/wp-json\/wp\/v2\/comments?post=464"}],"version-history":[{"count":0,"href":"https:\/\/www.paubrasilmotos.com.br\/valedosaofrancisco\/wp-json\/wp\/v2\/pages\/464\/revisions"}],"wp:attachment":[{"href":"https:\/\/www.paubrasilmotos.com.br\/valedosaofrancisco\/wp-json\/wp\/v2\/media?parent=464"}],"curies":[{"name":"wp","href":"https:\/\/api.w.org\/{rel}","templated":true}]}}