{"id":154,"date":"2016-11-03T15:16:45","date_gmt":"2016-11-03T15:16:45","guid":{"rendered":"http:\/\/bridge83.qodeinteractive.com\/?page_id=154"},"modified":"2021-03-23T08:17:10","modified_gmt":"2021-03-23T11:17:10","slug":"seminovas","status":"publish","type":"page","link":"https:\/\/www.paubrasilmotos.com.br\/valedosaofrancisco\/seminovas\/","title":{"rendered":"Seminovas"},"content":{"rendered":"<div class=\"wpb-content-wrapper\"><p>[vc_row css_animation=&#8221;&#8221; row_type=&#8221;row&#8221; use_row_as_full_screen_section=&#8221;yes&#8221; type=&#8221;grid&#8221; angled_section=&#8221;no&#8221; text_align=&#8221;left&#8221; background_image_as_pattern=&#8221;without_pattern&#8221; z_index=&#8221;&#8221; css=&#8221;.vc_custom_1593631462426{margin-top: 100px !important;margin-bottom: 20px !important;}&#8221;][vc_column width=&#8221;1\/3&#8243;]<div class=\"q_box_holder with_icon\" style=\"border-color: #c20e1a;background-color: #ffffff;\"><div class=\"box_holder_icon\"><div class=\"box_holder_icon_inner medium circle \" style=\"\"><span data-icon-type=\"circle\" class=\"qode_iwt_icon_holder fa-stack fa-3x  \" style=\"background-color: #ffffff\"><i class=\"qode_icon_font_awesome fa fa-money qode_iwt_icon_element\" style=\"color: #c20e1a\"><\/i><\/span><\/div><\/div><div class=\"box_holder_inner medium center\"><h3 class=\"icon_title\" style=\"font-weight: 700;\">Garantia<\/h3><div class=\"separator small left\" style=\"height: 2px;background-color: #dbdbdb;width: 20px;margin-bottom: 15px;\"><\/div><p style=\"\">Comprando uma seminova na Pau Brasil Motos voc\u00ea tem a seguran\u00e7a que est\u00e1 adquirindo uma motocicleta revisada, com garantia de motor, cambio e documenta\u00e7\u00e3o.<\/p><\/div><\/div>[\/vc_column][vc_column width=&#8221;1\/3&#8243;]<div class=\"q_box_holder with_icon\" style=\"border-color: #c20e1a;background-color: #ffffff;\"><div class=\"box_holder_icon\"><div class=\"box_holder_icon_inner medium circle \" style=\"\"><span data-icon-type=\"circle\" class=\"qode_iwt_icon_holder fa-stack fa-3x  \" style=\"background-color: #ffffff\"><i class=\"qode_icon_font_awesome fa fa-money qode_iwt_icon_element\" style=\"color: #c20e1a\"><\/i><\/span><\/div><\/div><div class=\"box_holder_inner medium center\"><h3 class=\"icon_title\" style=\"font-weight: 700;\">Pagamento Facilitado<\/h3><div class=\"separator small left\" style=\"height: 2px;background-color: #dbdbdb;width: 20px;margin-bottom: 15px;\"><\/div><p style=\"\">Oferecemos todas as facilidades para voc\u00ea sair pilotando sua seminova. Temos descontos especiais \u00e0 vista, financiamento ou atrav\u00e9s do cart\u00e3o de cr\u00e9dito em at\u00e9 10 vezes.<\/p><\/div><\/div>[\/vc_column][vc_column width=&#8221;1\/3&#8243;]<div class=\"q_box_holder with_icon\" style=\"border-color: #c20e1a;background-color: #ffffff;\"><div class=\"box_holder_icon\"><div class=\"box_holder_icon_inner medium circle \" style=\"\"><span data-icon-type=\"circle\" class=\"qode_iwt_icon_holder fa-stack fa-3x  \" style=\"background-color: #ffffff\"><i class=\"qode_icon_font_awesome fa fa-money qode_iwt_icon_element\" style=\"color: #c20e1a\"><\/i><\/span><\/div><\/div><div class=\"box_holder_inner medium center\"><h3 class=\"icon_title\" style=\"font-weight: 700;\">Compramos sua Usada<\/h3><div class=\"separator small left\" style=\"height: 2px;background-color: #dbdbdb;width: 20px;margin-bottom: 15px;\"><\/div><p style=\"\">Por falar em seminovas \u00e9 importante lembrar que a sua usada vale como entrada na troca por uma zero KM e se quiser vender a gente compra e paga na hora!<\/p><\/div><\/div>[\/vc_column][\/vc_row][vc_row css_animation=&#8221;&#8221; row_type=&#8221;row&#8221; use_row_as_full_screen_section=&#8221;yes&#8221; type=&#8221;grid&#8221; angled_section=&#8221;no&#8221; text_align=&#8221;left&#8221; background_image_as_pattern=&#8221;without_pattern&#8221; z_index=&#8221;&#8221;][vc_column][vc_column_text][xyz-ips snippet=&#8221;Seminovas&#8221;][\/vc_column_text][\/vc_column][\/vc_row]<\/p>\n<\/div>","protected":false},"excerpt":{"rendered":"<p>[vc_row css_animation=&#8221;&#8221; row_type=&#8221;row&#8221; use_row_as_full_screen_section=&#8221;yes&#8221; type=&#8221;grid&#8221; angled_section=&#8221;no&#8221; text_align=&#8221;left&#8221; background_image_as_pattern=&#8221;without_pattern&#8221; z_index=&#8221;&#8221; css=&#8221;.vc_custom_1593631462426{margin-top: 100px !important;margin-bottom: 20px !important;}&#8221;][vc_column width=&#8221;1\/3&#8243;][\/vc_column][vc_column width=&#8221;1\/3&#8243;][\/vc_column][vc_column width=&#8221;1\/3&#8243;][\/vc_column][\/vc_row][vc_row css_animation=&#8221;&#8221; row_type=&#8221;row&#8221; use_row_as_full_screen_section=&#8221;yes&#8221; type=&#8221;grid&#8221; angled_section=&#8221;no&#8221; text_align=&#8221;left&#8221; background_image_as_pattern=&#8221;without_pattern&#8221; z_index=&#8221;&#8221;][vc_column][vc_column_text][xyz-ips snippet=&#8221;Seminovas&#8221;][\/vc_column_text][\/vc_column][\/vc_row]<\/p>\n","protected":false},"author":1,"featured_media":0,"parent":0,"menu_order":0,"comment_status":"closed","ping_status":"closed","template":"full_width.php","meta":{"footnotes":""},"class_list":["post-154","page","type-page","status-publish","hentry"],"jetpack_sharing_enabled":true,"_links":{"self":[{"href":"https:\/\/www.paubrasilmotos.com.br\/valedosaofrancisco\/wp-json\/wp\/v2\/pages\/154","targetHints":{"allow":["GET"]}}],"collection":[{"href":"https:\/\/www.paubrasilmotos.com.br\/valedosaofrancisco\/wp-json\/wp\/v2\/pages"}],"about":[{"href":"https:\/\/www.paubrasilmotos.com.br\/valedosaofrancisco\/wp-json\/wp\/v2\/types\/page"}],"author":[{"embeddable":true,"href":"https:\/\/www.paubrasilmotos.com.br\/valedosaofrancisco\/wp-json\/wp\/v2\/users\/1"}],"replies":[{"embeddable":true,"href":"https:\/\/www.paubrasilmotos.com.br\/valedosaofrancisco\/wp-json\/wp\/v2\/comments?post=154"}],"version-history":[{"count":0,"href":"https:\/\/www.paubrasilmotos.com.br\/valedosaofrancisco\/wp-json\/wp\/v2\/pages\/154\/revisions"}],"wp:attachment":[{"href":"https:\/\/www.paubrasilmotos.com.br\/valedosaofrancisco\/wp-json\/wp\/v2\/media?parent=154"}],"curies":[{"name":"wp","href":"https:\/\/api.w.org\/{rel}","templated":true}]}}